{"id":9,"date":"2017-10-26T17:05:17","date_gmt":"2017-10-26T20:05:17","guid":{"rendered":"http:\/\/ww1.gabrielbarna.com\/?page_id=9"},"modified":"2018-04-02T21:54:54","modified_gmt":"2018-04-03T00:54:54","slug":"bio","status":"publish","type":"page","link":"https:\/\/www.gabrielbarna.com\/en\/bio\/","title":{"rendered":"Bio"},"content":{"rendered":"[vc_row id=&#8221;encabezado&#8221; el_class=&#8221;copeteBio&#8221;][vc_column][vc_column_text css=&#8221;.vc_custom_1511811558173{margin-bottom: 0px !important;}&#8221;]\n<h2>Gabriel Barna<\/h2>\n<p>Born in Budapest, Hungary in 1947. Since 1949 lives in Argentina.[\/vc_column_text][\/vc_column][\/vc_row][vc_row id=&#8221;porfolio&#8221;][vc_column width=&#8221;1\/4&#8243;][vc_single_image image=&#8221;334&#8243; img_size=&#8221;full&#8221;][vc_single_image image=&#8221;335&#8243; img_size=&#8221;full&#8221;][\/vc_column][vc_column width=&#8221;3\/4&#8243;][vc_tabs][vc_tab title=&#8221;Studies&#8221; tab_id=&#8221;1455978504632-3-3&#8243;][vc_column_text css=&#8221;.vc_custom_1511812055133{margin-bottom: 0px !important;}&#8221;]\n<h2>Studies<\/h2>\n<p>Guillermo Roux, drawing and painting.<br \/>\nRosa Faccaro, vision and composition.<br \/>\nAna Rank, drawing and painting.<br \/>\nGabriela Aberastury, clinic of artwork.<br \/>\nAlejandra Roux, clinic of artwork.<br \/>\nNora Agrest, batik.<br \/>\nNatalia Giaccetta, introduction of lithography.<\/p>\n<p><strong>Editing graphic work:<\/strong>\u00a0Mat\u00edas Amici.[\/vc_column_text][\/vc_tab][vc_tab title=&#8221;Residences&#8221; tab_id=&#8221;1455978426-2-21&#8243;][vc_column_text css=&#8221;.vc_custom_1511812109748{margin-bottom: 0px !important;}&#8221;]\n<h2>Residences<\/h2>\n<p><strong>2013 \u2013\u00a0<\/strong>Cit\u00e9 Internationale des Arts, Paris, France, guest of the Mozarteum Argentino. Length: 2 month.<\/p>\n<p><strong>2011 \u2013\u00a0<\/strong>Cit\u00e9 Internationale des Arts, Paris, France, guest of the Mozarteum Argentino. Length: 2 month.<\/p>\n<p><strong>2006 \u2013\u00a0<\/strong>International artists meeting, Artcolony Cered, Salg\u00f3tarj\u00e1n, Hungary. Length: 1 month. Sponsored by the Foreing Office of the Argentine Republic.[\/vc_column_text][\/vc_tab][vc_tab title=&#8221;Exhibitions&#8221; tab_id=&#8221;1455978503606-2-2&#8243;][vc_column_text css=&#8221;.vc_custom_1511812589192{margin-bottom: 0px !important;}&#8221;]\n<h2>Exhibitions and fairs<\/h2>\n<p><strong>2017 &#8211; <\/strong>&#8220;Fluir de la Vida&#8221; solo exhibition in The Casa Central of\u00a0 The Banco Ciudad, of the Buenos Aires City, Argentina.<\/p>\n<p>2017 &#8211;\u00a0International Multimedia, Art, MaIl Art, Exhibition and installation Project.<\/p>\n<p><strong>2016-2017 &#8211;\u00a0<\/strong>Group exhibition &#8220;Universo Borgeano&#8221;, Cervantes Institute of New York. The oficial opening was presidet by President of the Spanish Governement, Mr. Mariano Rajoy.<\/p>\n<p><strong>2016 &#8211;\u00a0<\/strong>Group exhibition &#8220;Universo Borgeano&#8221; at the headquarter of the Banco Ciudad de Buenos Aires. Declared of cultural interest by the National Ministery of Culture and was sponsored by the Fundaci\u00f3n Internacional Jorge Luis Borges.<\/p>\n<p><strong>2015 \u2013\u00a0<\/strong>One man show, Ars Hungarica, Buenos Aires, Argentina.<\/p>\n<p><strong>2014 \u2013\u00a0<\/strong>Group exhibition drawing &#8220;Sur x 4 + 1&#8221;. \u201cHoy en el arte\u201d Gallery.<\/p>\n<p><strong>2013 \u2013\u00a0<\/strong>Individual exhibition Hoy en el Arte Gallery.<\/p>\n<p>Group exhibition &#8220;Sur x 4&#8221; 2 B Gallery Budapest, Hungary; sponsored by the Foreing Office of the Argentine Republic.<\/p>\n<p>Contemporary Art Ruhr, Essen, Germany. Group exhibition &#8220;Waldsee 1944&#8221; 2B Gallery.<\/p>\n<p><strong>2012 \u2013\u00a0<\/strong>Drawing Artemio Alisio Museum, Concepci\u00f3n\u00a0del Uruguay, Argentina.<\/p>\n<p><strong>2010 \u2013\u00a0<\/strong>Individual exhibition, Agalma.arte.\u00a0Buenos Aires, Argentina.<\/p>\n<p>Group exhibition \u201c5 artistas en el Argentino\u201d Teatro Argentino de La Plata.<\/p>\n<p><strong>2009 \u2013\u00a0<\/strong>Irreversible International Cultural Event, Cisneros Fontanals Art Foundation, Miami, USA.<\/p>\n<p>Group exhibition 7 Argentine artists, 4Art Inc Gallery, Chicago, USA.<\/p>\n<p>Contemporary Art Fair, ArteBA, Argentina.<\/p>\n<p>Group exhibition of graphic, Centro Cultural Recoleta, Buenos Aires, Argentina.<\/p>\n<p><strong>2008 \u2013\u00a0<\/strong>Contemporary Art Fair, ArteBA, Buenos Aires, Argentina.<\/p>\n<p>Sal\u00f3n Nacional, drawing, Palais de Glace, Argentina.<\/p>\n<p><strong>2007 \u2013\u00a0<\/strong>Sal\u00f3n Manuel Belgrano, graphic, Museo Eduardo S\u00edvori, Buenos Aires, Argentina.<\/p>\n<p>Argentine\/Austrian Graphic, group exhibition, Stadtgalerie, Frstenfeld, Austria.<\/p>\n<p>Group exhibition of graphic, Espacio Cultural Carlos Gardel, Buenos Aires, Argentina.<\/p>\n<p><strong>2006 \u2013\u00a0<\/strong>Group exhibition, Art Museum of Salg\u00f3tarj\u00e1n, Cered, Hungr\u00eda.<\/p>\n<p>Fair of the Asociaci\u00f3n Argentina de Galer\u00edas de Arte, Expotrastiendas, Buenos Aires, Argentina.<\/p>\n<p>Sal\u00f3n Manuel Belgrano, graphic. Museo Eduardo S\u00edvori, Buenos Aires, Argentina.<\/p>\n<p><strong>2005 \u2013\u00a0<\/strong>Individual exhibition, Centro Cultural Recoleta, Buenos Aires, Argentina.<\/p>\n<p>Individual exhibition, Asociaci\u00f3n Psicoanal\u00edtica de Buenos Aires, Buenos Aires, Argentina.<\/p>\n<p>Fair of the Asociaci\u00f3n Argentina Galer\u00edas de Arte, Expotrastiendas, Buenos Aires, Argentina.<\/p>\n<p>Sal\u00f3n Nacional Manuel Belgrano, drawing, Museo Eduardo S\u00edvori, Buenos Aires, Argentina.<\/p>\n<p><strong>2004 \u2013\u00a0<\/strong>VII Exposici\u00f3n y venta de Arte Contempor\u00e1neo Argentino, Palacio San Mart\u00edn, Buenos Aires, Argentina.<\/p>\n<p>Group exhibition, Agalma Arte, Argentina.<\/p>\n<p>Sal\u00f3n Nacional Manuel Belgrano, drawing, Museo Eduardo S\u00edvori, Buenos Aires, Argentina.<\/p>\n<p><strong>2003 \u2013\u00a0<\/strong>Individual exhibition, Taller Guillermo Roux, Buenos Aires, Argentina.<\/p>\n<p>Primer Sal\u00f3n de Pintura y Arte Textil Premio Galer\u00edas Pac\u00edfico, Centro Cultural Borges, Buenos Aires, Argentina.<\/p>\n<p><strong>2000 \u2013\u00a0<\/strong>Premio Maimeri, Palais de Glace, Buenos Aires, Argentina.<\/p>\n<p>Museum of Latin American Art of San Paulo, Brasil.<\/p>\n<p><strong>1998 \u2013\u00a0<\/strong>Individual exhibition, Museo de Arte Latinoamericano, Maldonado, Rep\u00fablica Oriental del Uruguay.<\/p>\n<p><strong>1995 \u2013\u00a0<\/strong>Individual exhibition, Museo R\u00f3mulo Raggio,\u00a0Prov. de Buenos Aires, Argentina.<\/p>\n<p><strong>1994 \u2013\u00a0<\/strong>Group exhibition, Galer\u00eda Cel\u00e9brity, Buenos Aires, Argentina.<\/p>\n<p><strong>1993 \u2013\u00a0<\/strong>Group exhibition, Galer\u00eda Cel\u00e9brity, Buenos Aires, Argentina.<\/p>\n<p><strong>1992 \u2013\u00a0<\/strong>Group exhibition, Galer\u00eda Cel\u00e9brity, Buenos Aires, Argentina.[\/vc_column_text][\/vc_tab][vc_tab title=&#8221;Press&#8221; tab_id=&#8221;1455978505626-4-10&#8243;][vc_column_text css=&#8221;.vc_custom_1511812475104{margin-bottom: 0px !important;}&#8221;]\n<h2>Press<\/h2>\n<p><strong>01\/11\/2016 &#8211;\u00a0<\/strong>&#8220;Universo Borgeano&#8221; rumbo a\u00a0Nueva York, Ana Mar\u00eda Quijano, \u00c1mbito\u00a0Financiero.<\/p>\n<p><strong>02\/11\/2016 &#8211;\u00a0<\/strong>Se inauguro &#8220;Universo Borgeano&#8221;\u00a0en la Caja de Cristal del Ciudad. Perfil.<\/p>\n<p><strong>21\/12\/2016 &#8211;\u00a0<\/strong>&#8220;Borges, ese poeta argentino en Nueva York, Teodelina Basavilbaso. La Naci\u00f3n.<\/p>\n<p><strong>21\/12\/2016 &#8211;\u00a0<\/strong>&#8220;El Cervantes trae a Nueva York\u00a0el Universo Visual de Jorge Luis Borges a traves del\u00a0arte&#8221;, El Confidencial, EFE.<\/p>\n<p><strong>21\/12\/2016 &#8211;\u00a0<\/strong>La visita de Rajoy a Nueva York, ABC Espa\u00f1a.<\/p>\n<p><strong>21\/12\/2016 &#8211;\u00a0<\/strong>El Instituto Cervantes de Nueva York acerca el universo visual de Borges. IBLNEWS.<\/p>\n<p><strong>25\/10 2015 &#8211;\u00a0<\/strong>Comienza la muestra &#8220;Universo Borgeano&#8221; en el Banco Ciudad. Telam.[\/vc_column_text][\/vc_tab][vc_tab title=&#8221;Publications&#8221; tab_id=&#8221;1455978508000-5-8&#8243;][vc_column_text css=&#8221;.vc_custom_1511812642012{margin-bottom: 0px !important;}&#8221;]\n<h2>PUBLICATIONS AND ACADEMIC ACTIVITY<\/h2>\n<p><strong>2013 \u2013\u00a0<\/strong>&#8220;Ut&#8221;, el viaje interior de Barna. Mar\u00eda\u00a0Quijano, newspaper \u00c1mbito Financiero.<\/p>\n<p><strong>2013 \u2013\u00a0<\/strong>La ruta de Gabriel Barna. Elba Perez, newspaper ADN Cultura, La Naci\u00f3n.<\/p>\n<p><strong>2011 \u2013\u00a0<\/strong>Reproduction of work on magazine\u00a0cover \u201cPublicar en Antropolog\u00eda y Ciencias Sociales\u201d.<\/p>\n<p><strong>2010 \u2013\u00a0<\/strong>Reproduction of work on magazine\u00a0cover \u201cPublicar en Antropolog\u00eda y Ciencias Sociales\u201d.<\/p>\n<p><strong>2010 \u2013\u00a0<\/strong>Jury member, Concurso de Pintura \u201cBicenternario, ONCCA, Buenos Aires, Argentina\u201d.<\/p>\n<p><strong>2010 &#8211;\u00a0<\/strong>\u201cGabriel Barna, individual exhibition\u201d, Rosa Faccaro, Art magazine Magenta.<\/p>\n<p><strong>2010 &#8211;\u00a0<\/strong>\u201cGabriel Barna, individual exhibition\u201d, Mar\u00eda Quijano, newspaper Ambito Financiero.<\/p>\n<p><strong>2005 \u2013\u00a0<\/strong>Gabriel Barna \u201cEsos testigos silenciosos\u201d, Diana Fern\u00e1ndez Irusta, La Revista, newspaper La Naci\u00f3n.<\/p>\n<p><strong>2004 \u2013\u00a0<\/strong>October \u201cComentario sobre el primer premio Agfa Photocontest 2004 otrogado a Ricardo Martiniuk por su fotograf\u00eda \u201cSplash\u201d\u201d, Gabriel Barna, magazine Foto Mundo.[\/vc_column_text][\/vc_tab][\/vc_tabs][vc_raw_html el_class=&#8221;estilosbio&#8221;]JTNDc3R5bGUlM0UlMEElMjNwb3Jmb2xpbyUyMCU3QnBhZGRpbmctYm90dG9tJTNBMHB4JTNCJTdEJTBBJTIzdGV4dC1ibG9jay00JTIwcCUyQyUyMCUyM3RleHQtYmxvY2stNiUyMHAlMkMlMjAlMjN0ZXh0LWJsb2NrLTglMjBwJTIwJTdCJTBBJTIwJTIwJTIwJTIwZm9udC1mYW1pbHklM0ElMjBUYWhvbWElMkMlMjBBcmlhbCUyQyUyMFZlcmRhbmElMjFpbXBvcnRhbnQlM0IlMEElMjAlMjAlMjAlMjBwYWRkaW5nLWJvdHRvbSUzQSUyMDE4cHglMjFpbXBvcnRhbnQlM0IlMEElMjAlMjAlMjAlMjBtYXJnaW4tYm90dG9tJTNBJTIwMHB4JTIxaW1wb3J0YW50JTNCJTBBJTIwJTIwJTIwJTIwZm9udC1zaXplJTNBJTIwMTNweCUyMWltcG9ydGFudCUzQiUwQSUyMCUyMCUyMCUyMGNvbG9yJTNBJTIwJTIzNTU1JTIxaW1wb3J0YW50JTNCJTBBJTdEJTBBJTNDJTJGc3R5bGUlM0U=[\/vc_raw_html][\/vc_column][\/vc_row]\n","protected":false},"excerpt":{"rendered":"<p>[vc_row id=&#8221;encabezado&#8221; el_class=&#8221;copeteBio&#8221;][vc_column][vc_column_text css=&#8221;.vc_custom_1511811558173{margin-bottom: 0px !important;}&#8221;] Gabriel Barna Born in Budapest, Hungary in 1947. Since 1949 lives in Argentina.[\/vc_column_text][\/vc_column][\/vc_row][vc_row id=&#8221;porfolio&#8221;][vc_column width=&#8221;1\/4&#8243;][vc_single_image image=&#8221;334&#8243; img_size=&#8221;full&#8221;][vc_single_image image=&#8221;335&#8243; img_size=&#8221;full&#8221;][\/vc_column][vc_column width=&#8221;3\/4&#8243;][vc_tabs][vc_tab title=&#8221;Studies&#8221; tab_id=&#8221;1455978504632-3-3&#8243;][vc_column_text css=&#8221;.vc_custom_1511812055133{margin-bottom: 0px !important;}&#8221;] Studies Guillermo Roux, drawing and painting. Rosa Faccaro, vision and composition. Ana Rank, drawing and painting. Gabriela Aberastury, clinic of artwork. Alejandra Roux, clinic [&hellip;]<\/p>\n","protected":false},"author":1,"featured_media":0,"parent":0,"menu_order":0,"comment_status":"closed","ping_status":"closed","template":"","meta":{"_exactmetrics_skip_tracking":false,"_exactmetrics_sitenote_active":false,"_exactmetrics_sitenote_note":"","_exactmetrics_sitenote_category":0,"footnotes":""},"class_list":["post-9","page","type-page","status-publish","hentry"],"_links":{"self":[{"href":"https:\/\/www.gabrielbarna.com\/en\/wp-json\/wp\/v2\/pages\/9","targetHints":{"allow":["GET"]}}],"collection":[{"href":"https:\/\/www.gabrielbarna.com\/en\/wp-json\/wp\/v2\/pages"}],"about":[{"href":"https:\/\/www.gabrielbarna.com\/en\/wp-json\/wp\/v2\/types\/page"}],"author":[{"embeddable":true,"href":"https:\/\/www.gabrielbarna.com\/en\/wp-json\/wp\/v2\/users\/1"}],"replies":[{"embeddable":true,"href":"https:\/\/www.gabrielbarna.com\/en\/wp-json\/wp\/v2\/comments?post=9"}],"version-history":[{"count":35,"href":"https:\/\/www.gabrielbarna.com\/en\/wp-json\/wp\/v2\/pages\/9\/revisions"}],"predecessor-version":[{"id":892,"href":"https:\/\/www.gabrielbarna.com\/en\/wp-json\/wp\/v2\/pages\/9\/revisions\/892"}],"wp:attachment":[{"href":"https:\/\/www.gabrielbarna.com\/en\/wp-json\/wp\/v2\/media?parent=9"}],"curies":[{"name":"wp","href":"https:\/\/api.w.org\/{rel}","templated":true}]}}

[vc_row id=&#8221;encabezado&#8221; el_class=&#8221;copeteBio&#8221;][vc_column][vc_column_text css=&#8221;.vc_custom_1511811558173{margin-bottom: 0px !important;}&#8221;]
<h2>Gabriel Barna</h2>
<p>Born in Budapest, Hungary in 1947. Since 1949 lives in Argentina.[/vc_column_text][/vc_column][/vc_row][vc_row id=&#8221;porfolio&#8221;][vc_column width=&#8221;1/4&#8243;][vc_single_image image=&#8221;334&#8243; img_size=&#8221;full&#8221;][vc_single_image image=&#8221;335&#8243; img_size=&#8221;full&#8221;][/vc_column][vc_column width=&#8221;3/4&#8243;][vc_tabs][vc_tab title=&#8221;Studies&#8221; tab_id=&#8221;1455978504632-3-3&#8243;][vc_column_text css=&#8221;.vc_custom_1511812055133{margin-bottom: 0px !important;}&#8221;]
<h2>Studies</h2>
<p>Guillermo Roux, drawing and painting.<br />
Rosa Faccaro, vision and composition.<br />
Ana Rank, drawing and painting.<br />
Gabriela Aberastury, clinic of artwork.<br />
Alejandra Roux, clinic of artwork.<br />
Nora Agrest, batik.<br />
Natalia Giaccetta, introduction of lithography.</p>
<p><strong>Editing graphic work:</strong> Matías Amici.[/vc_column_text][/vc_tab][vc_tab title=&#8221;Residences&#8221; tab_id=&#8221;1455978426-2-21&#8243;][vc_column_text css=&#8221;.vc_custom_1511812109748{margin-bottom: 0px !important;}&#8221;]
<h2>Residences</h2>
<p><strong>2013 – </strong>Cité Internationale des Arts, Paris, France, guest of the Mozarteum Argentino. Length: 2 month.</p>
<p><strong>2011 – </strong>Cité Internationale des Arts, Paris, France, guest of the Mozarteum Argentino. Length: 2 month.</p>
<p><strong>2006 – </strong>International artists meeting, Artcolony Cered, Salgótarján, Hungary. Length: 1 month. Sponsored by the Foreing Office of the Argentine Republic.[/vc_column_text][/vc_tab][vc_tab title=&#8221;Exhibitions&#8221; tab_id=&#8221;1455978503606-2-2&#8243;][vc_column_text css=&#8221;.vc_custom_1511812589192{margin-bottom: 0px !important;}&#8221;]
<h2>Exhibitions and fairs</h2>
<p><strong>2017 &#8211; </strong>&#8220;Fluir de la Vida&#8221; solo exhibition in The Casa Central of  The Banco Ciudad, of the Buenos Aires City, Argentina.</p>
<p>2017 &#8211; International Multimedia, Art, MaIl Art, Exhibition and installation Project.</p>
<p><strong>2016-2017 &#8211; </strong>Group exhibition &#8220;Universo Borgeano&#8221;, Cervantes Institute of New York. The oficial opening was presidet by President of the Spanish Governement, Mr. Mariano Rajoy.</p>
<p><strong>2016 &#8211; </strong>Group exhibition &#8220;Universo Borgeano&#8221; at the headquarter of the Banco Ciudad de Buenos Aires. Declared of cultural interest by the National Ministery of Culture and was sponsored by the Fundación Internacional Jorge Luis Borges.</p>
<p><strong>2015 – </strong>One man show, Ars Hungarica, Buenos Aires, Argentina.</p>
<p><strong>2014 – </strong>Group exhibition drawing &#8220;Sur x 4 + 1&#8221;. “Hoy en el arte” Gallery.</p>
<p><strong>2013 – </strong>Individual exhibition Hoy en el Arte Gallery.</p>
<p>Group exhibition &#8220;Sur x 4&#8221; 2 B Gallery Budapest, Hungary; sponsored by the Foreing Office of the Argentine Republic.</p>
<p>Contemporary Art Ruhr, Essen, Germany. Group exhibition &#8220;Waldsee 1944&#8221; 2B Gallery.</p>
<p><strong>2012 – </strong>Drawing Artemio Alisio Museum, Concepción del Uruguay, Argentina.</p>
<p><strong>2010 – </strong>Individual exhibition, Agalma.arte. Buenos Aires, Argentina.</p>
<p>Group exhibition “5 artistas en el Argentino” Teatro Argentino de La Plata.</p>
<p><strong>2009 – </strong>Irreversible International Cultural Event, Cisneros Fontanals Art Foundation, Miami, USA.</p>
<p>Group exhibition 7 Argentine artists, 4Art Inc Gallery, Chicago, USA.</p>
<p>Contemporary Art Fair, ArteBA, Argentina.</p>
<p>Group exhibition of graphic, Centro Cultural Recoleta, Buenos Aires, Argentina.</p>
<p><strong>2008 – </strong>Contemporary Art Fair, ArteBA, Buenos Aires, Argentina.</p>
<p>Salón Nacional, drawing, Palais de Glace, Argentina.</p>
<p><strong>2007 – </strong>Salón Manuel Belgrano, graphic, Museo Eduardo Sívori, Buenos Aires, Argentina.</p>
<p>Argentine/Austrian Graphic, group exhibition, Stadtgalerie, Frstenfeld, Austria.</p>
<p>Group exhibition of graphic, Espacio Cultural Carlos Gardel, Buenos Aires, Argentina.</p>
<p><strong>2006 – </strong>Group exhibition, Art Museum of Salgótarján, Cered, Hungría.</p>
<p>Fair of the Asociación Argentina de Galerías de Arte, Expotrastiendas, Buenos Aires, Argentina.</p>
<p>Salón Manuel Belgrano, graphic. Museo Eduardo Sívori, Buenos Aires, Argentina.</p>
<p><strong>2005 – </strong>Individual exhibition, Centro Cultural Recoleta, Buenos Aires, Argentina.</p>
<p>Individual exhibition, Asociación Psicoanalítica de Buenos Aires, Buenos Aires, Argentina.</p>
<p>Fair of the Asociación Argentina Galerías de Arte, Expotrastiendas, Buenos Aires, Argentina.</p>
<p>Salón Nacional Manuel Belgrano, drawing, Museo Eduardo Sívori, Buenos Aires, Argentina.</p>
<p><strong>2004 – </strong>VII Exposición y venta de Arte Contemporáneo Argentino, Palacio San Martín, Buenos Aires, Argentina.</p>
<p>Group exhibition, Agalma Arte, Argentina.</p>
<p>Salón Nacional Manuel Belgrano, drawing, Museo Eduardo Sívori, Buenos Aires, Argentina.</p>
<p><strong>2003 – </strong>Individual exhibition, Taller Guillermo Roux, Buenos Aires, Argentina.</p>
<p>Primer Salón de Pintura y Arte Textil Premio Galerías Pacífico, Centro Cultural Borges, Buenos Aires, Argentina.</p>
<p><strong>2000 – </strong>Premio Maimeri, Palais de Glace, Buenos Aires, Argentina.</p>
<p>Museum of Latin American Art of San Paulo, Brasil.</p>
<p><strong>1998 – </strong>Individual exhibition, Museo de Arte Latinoamericano, Maldonado, República Oriental del Uruguay.</p>
<p><strong>1995 – </strong>Individual exhibition, Museo Rómulo Raggio, Prov. de Buenos Aires, Argentina.</p>
<p><strong>1994 – </strong>Group exhibition, Galería Celébrity, Buenos Aires, Argentina.</p>
<p><strong>1993 – </strong>Group exhibition, Galería Celébrity, Buenos Aires, Argentina.</p>
<p><strong>1992 – </strong>Group exhibition, Galería Celébrity, Buenos Aires, Argentina.[/vc_column_text][/vc_tab][vc_tab title=&#8221;Press&#8221; tab_id=&#8221;1455978505626-4-10&#8243;][vc_column_text css=&#8221;.vc_custom_1511812475104{margin-bottom: 0px !important;}&#8221;]
<h2>Press</h2>
<p><strong>01/11/2016 &#8211; </strong>&#8220;Universo Borgeano&#8221; rumbo a Nueva York, Ana María Quijano, Ámbito Financiero.</p>
<p><strong>02/11/2016 &#8211; </strong>Se inauguro &#8220;Universo Borgeano&#8221; en la Caja de Cristal del Ciudad. Perfil.</p>
<p><strong>21/12/2016 &#8211; </strong>&#8220;Borges, ese poeta argentino en Nueva York, Teodelina Basavilbaso. La Nación.</p>
<p><strong>21/12/2016 &#8211; </strong>&#8220;El Cervantes trae a Nueva York el Universo Visual de Jorge Luis Borges a traves del arte&#8221;, El Confidencial, EFE.</p>
<p><strong>21/12/2016 &#8211; </strong>La visita de Rajoy a Nueva York, ABC España.</p>
<p><strong>21/12/2016 &#8211; </strong>El Instituto Cervantes de Nueva York acerca el universo visual de Borges. IBLNEWS.</p>
<p><strong>25/10 2015 &#8211; </strong>Comienza la muestra &#8220;Universo Borgeano&#8221; en el Banco Ciudad. Telam.[/vc_column_text][/vc_tab][vc_tab title=&#8221;Publications&#8221; tab_id=&#8221;1455978508000-5-8&#8243;][vc_column_text css=&#8221;.vc_custom_1511812642012{margin-bottom: 0px !important;}&#8221;]
<h2>PUBLICATIONS AND ACADEMIC ACTIVITY</h2>
<p><strong>2013 – </strong>&#8220;Ut&#8221;, el viaje interior de Barna. María Quijano, newspaper Ámbito Financiero.</p>
<p><strong>2013 – </strong>La ruta de Gabriel Barna. Elba Perez, newspaper ADN Cultura, La Nación.</p>
<p><strong>2011 – </strong>Reproduction of work on magazine cover “Publicar en Antropología y Ciencias Sociales”.</p>
<p><strong>2010 – </strong>Reproduction of work on magazine cover “Publicar en Antropología y Ciencias Sociales”.</p>
<p><strong>2010 – </strong>Jury member, Concurso de Pintura “Bicenternario, ONCCA, Buenos Aires, Argentina”.</p>
<p><strong>2010 &#8211; </strong>“Gabriel Barna, individual exhibition”, Rosa Faccaro, Art magazine Magenta.</p>
<p><strong>2010 &#8211; </strong>“Gabriel Barna, individual exhibition”, María Quijano, newspaper Ambito Financiero.</p>
<p><strong>2005 – </strong>Gabriel Barna “Esos testigos silenciosos”, Diana Fernández Irusta, La Revista, newspaper La Nación.</p>
<p><strong>2004 – </strong>October “Comentario sobre el primer premio Agfa Photocontest 2004 otrogado a Ricardo Martiniuk por su fotografía “Splash””, Gabriel Barna, magazine Foto Mundo.[/vc_column_text][/vc_tab][/vc_tabs][vc_raw_html el_class=&#8221;estilosbio&#8221;]JTNDc3R5bGUlM0UlMEElMjNwb3Jmb2xpbyUyMCU3QnBhZGRpbmctYm90dG9tJTNBMHB4JTNCJTdEJTBBJTIzdGV4dC1ibG9jay00JTIwcCUyQyUyMCUyM3RleHQtYmxvY2stNiUyMHAlMkMlMjAlMjN0ZXh0LWJsb2NrLTglMjBwJTIwJTdCJTBBJTIwJTIwJTIwJTIwZm9udC1mYW1pbHklM0ElMjBUYWhvbWElMkMlMjBBcmlhbCUyQyUyMFZlcmRhbmElMjFpbXBvcnRhbnQlM0IlMEElMjAlMjAlMjAlMjBwYWRkaW5nLWJvdHRvbSUzQSUyMDE4cHglMjFpbXBvcnRhbnQlM0IlMEElMjAlMjAlMjAlMjBtYXJnaW4tYm90dG9tJTNBJTIwMHB4JTIxaW1wb3J0YW50JTNCJTBBJTIwJTIwJTIwJTIwZm9udC1zaXplJTNBJTIwMTNweCUyMWltcG9ydGFudCUzQiUwQSUyMCUyMCUyMCUyMGNvbG9yJTNBJTIwJTIzNTU1JTIxaW1wb3J0YW50JTNCJTBBJTdEJTBBJTNDJTJGc3R5bGUlM0U=[/vc_raw_html][/vc_column][/vc_row]
